 + -3)*(-98)/(-4). Let d = 50 + r. What is the tens digit of d?
9
Let b(o) = -4*o + 1. Suppose -4*t + 8 = -0. Suppose -3*u + t*f - 14 = 0, 3*u + 4*f - 5 - 5 = 0. What is the units digit of b(u)?
9
Suppose -4*j + 3*f = -419, f = -f - 10. Let o be ((j - -3)/(-2))/(-2). Suppose o = a + 6. What is the tens digit of a?
2
Let b(u) = -3*u**3 - 7*u**2 + 7*u + 4. What is the hundreds digit of b(-9)?
5
Suppose -2*y + 3233 - 1147 = 0. What is the tens digit of y?
4
Let w = 13 - 18. Let n = -4 - w. What is the units digit of n*(-7)/(14/(-4))?
2
Let p(j) = 105*j + 13. What is the tens digit of p(3)?
2
Let q(s) = 4*s**3 - 9*s**2 - 39*s + 6. What is the tens digit of q(10)?
1
What is the hundreds digit of ((-78)/(-9))/(29/6090)?
8
What is the hundreds digit of 12*((-61800)/16)/(-15)?
0
Let g(x) = -23 - 19*x + 13 - 2*x**2 + x**3 + 14*x**2. What is the units digit of g(-13)?
8
Suppose -27*s + 3192 = -24*s. What is the tens digit of s?
6
Suppose -z = 3*y - 3715, -10*y + 3745 = z - 13*y. What is the units digit of z?
0
Suppose -1345*f - 18412 = -1349*f. What is the units digit of f?
3
Suppose 609 = -t + 8*t. Suppose -2*y - t = -z, -2*y = -5*z + 2*y + 417. What is the units digit of z?
1
Suppose -52*z + 4809 + 11935 = 0. What is the units digit of z?
2
Let f = 644 + -342. What is the units digit of f?
2
Let x(f) be the third derivative of -1/60*f**6 - 1/4*f**4 + 2*f**2 - 5/6*f**3 + 0 + 0*f - 7/60*f**5. What is the units digit of x(-4)?
5
Let m(g) = -g**2 - 66*g - 42. What is the hundreds digit of m(-33)?
0
Let a(f) = -f**3 - 3*f**2 + 3*f + 1. Let z be a(-4). Suppose -28 = -2*y + 92. Suppose -z*x - 5 + y = 0. What is the tens digit of x?
1
Let u(j) = 15*j**2 + 1. Suppose -5*a - 25 = -5*n, -15 = a - 3*n + 7*n. Let v = 8 + a. What is the tens digit of u(v)?
1
Let k(s) = -s**3 + 18*s**2 + s + 3. Let d = -56 + 74. What is the tens digit of k(d)?
2
Let d = 516 + -329. What is the tens digit of d?
8
Let f(p) = p**2 - 33*p + 22. Let n be f(26). Let v = -93 - n. What is the tens digit of v?
6
Let l(j) = j**3 + 5*j**2 + j - 5. Let k(a) = -a**3 - 6*a**2 + 2*a + 8. Let s be k(-6). Let m be l(s). Suppose -m*i + 2*i = -80. What is the units digit of i?
6
Let b(r) = -2*r - 11 - 5*r - 8*r**2 - r**3 - 5*r. What is the tens digit of b(-7)?
2
What is the tens digit of -3*10/(210/(-10241))?
6
Let m(y) = -y + 23. Let l be m(0). Suppose 0 = 2*s + 5 - 11. Suppose -l = s*p - 77. What is the tens digit of p?
1
Suppose g = -5*g + 18012. What is the units digit of g?
2
Let b(n) = -n**3 + 6*n**2 - 4*n + 1. What is the units digit of b(3)?
6
Let y(p) = 38*p. Suppose -9 = -0*k - 2*k - z, 2*k = -4*z + 24. What is the tens digit of y(k)?
7
What is the tens digit of (23*-1)/((-7)/21) + 4?
7
Suppose 7*d - 222 = 464. Let i = d - 32. What is the tens digit of i?
6
Let d(j) = 18*j**2 - 11*j - 42. What is the tens digit of d(9)?
1
Let b(f) = f**3 - 43*f**2 - 8*f + 74. What is the thousands digit of b(44)?
1
Let o(y) be the second derivative of -5*y**3/2 - y**2 + 2*y. Let j = 5 - 6. What is the tens digit of o(j)?
1
Let f be (248/(-6))/(8/(-108)). Suppose f = -17*n + 23*n. What is the tens digit of n?
9
What is the units digit of (12/(-42))/((-4)/854)?
1
Suppose -17*r + 3318 = 4*r. What is the units digit of r?
8
Suppose 5*h = -4*j - 12, -5*j + 6*j - 3*h = 14. Let i(m) = -4*m - 3. Let u be i(-2). Suppose 6 + 33 = j*c - u*g, 3*c = -4*g + 1. What is the units digit of c?
7
Suppose 0 = y + 4*y + 4530. What is the tens digit of 1/(-6) - y/36?
2
Suppose -6*p - 2*m + 34 = -2*p, m + 11 = 2*p. Suppose 2*t - 2*y + 35 = -p*y, -4*t - 4*y - 76 = 0. Let l = t + 35. What is the units digit of l?
5
Let g(z) = -18*z + 2. Let x be g(2). Let c(o) = -4*o - 5. Let i be c(-13). Let v = i + x. What is the tens digit of v?
1
Suppose t = -5*t - 438. Let c = t + 241. What is the units digit of c?
8
Suppose 0 = -65*q + 4*q + 116266. What is the thousands digit of q?
1
Let z(a) = 9*a**2 + 10*a - 80. What is the thousands digit of z(13)?
1
What is the thousands digit of (-5 + (-52)/(-8))*942/1?
1
Let u = -483 + 1688. What is the units digit of u?
5
Let w be 90/(-12) + 7 + (-5)/(-10). Let k = 69 + -41. Suppose g - 3*u - k = w, -2*u - 98 = -4*g + 64. What is the units digit of g?
3
Let z(h) = h**2 + 7*h - 42. What is the units digit of z(27)?
6
Suppose -4*d + 390 = -9*d. Let o = 167 + d. What is the units digit of o?
9
Let l = -530 + 551. What is the tens digit of l?
2
Let z(t) = -75*t + 11. What is the tens digit of z(-1)?
8
Let g be 4 - (4/(-5))/(7/35). Let d(r) = -r**3 + 10*r**2 + 4*r + 12. What is the tens digit of d(g)?
7
Suppose -2*u + 7*j - 3*j = -966, 4*u + 5*j = 1932. What is the tens digit of u?
8
Let g = -15 - -31. What is the tens digit of 4/g - (-155)/4 - 2?
3
Let q(p) = -p**3 + 22*p**2 + 10*p - 61. What is the tens digit of q(8)?
1
What is the thousands digit of 2*(2/5 + (-301919)/(-290))?
2
Suppose 14*m + 316 = 4*s + 9*m, 5*s = -m + 395. What is the tens digit of s?
7
Suppose 0 = -3*u + 448 + 185. Suppose 4*f + u = s, -s + 0*s - 59 = f. Let d = 120 + f. What is the tens digit of d?
6
Let f(b) = b**2 + 7*b. Let m be f(6). Suppose 0 = 4*x - 66 - m. What is the tens digit of x?
3
Let n = 10976 + -6689. What is the tens digit of n?
8
Let f(d) = -d - 37. Let y be 0/(3/(3/1)). Let r be f(y). Let s = r + 56. What is the tens digit of s?
1
Let b = 200 - 293. Let z = b - -131. What is the units digit of z?
8
Suppose -12*p = -0*p - 12. Let v(g) be the first derivative of 25*g**3/3 + 3*g**2/2 - 2*g + 1. What is the units digit of v(p)?
6
Let z(r) = 3*r**3 + r**2 - 2*r + 3. Let f be z(2). Let b = -9 + 47. Let h = b - f. What is the tens digit of h?
1
What is the tens digit of (-4884)/(-22)*(-1 + (-63)/(-6))?
0
Suppose 0 = 3*u + 10 - 1. Let r = 2 - u. Suppose -5*a + 200 = r*b, 2*a + a + 184 = 5*b. What is the units digit of b?
8
Suppose -62 = 11*x - 13*x. Suppose u + 37 = w + 2*u, 4*u - x = -w. What is the units digit of w?
9
Let r(f) = -31*f + 362. What is the units digit of r(-30)?
2
Suppose 223 = 3*b + 4*d, 2*b + 2*d - 75 = b. Let r = b + 71. What is the units digit of r?
4
Let g be 2 - (-4 - (-8 + 3)). Suppose -g = -b, -o + 0*b + 3 = -b. What is the tens digit of ((-2)/o)/(6/(-132))?
1
Let j = -65 + 71. Let d(y) = 26*y - 38. What is the hundreds digit of d(j)?
1
Let h = -224 - -512. What is the hundreds digit of h?
2
Let f = 509 - 248. Suppose 0 = 5*t - d - f, 4*d = 5*t + 5*d - 269. What is the units digit of t?
3
What is the thousands digit of (1072/(-3))/(((-187)/33)/17)?
1
Suppose -9*z + z = -5176. What is the tens digit of z?
4
Let z(q) = 21*q**2 + 144*q - 63. Let x(l) = -6*l**2 - 41*l + 18. Let j(s) = -18*x(s) - 5*z(s). What is the tens digit of j(-9)?
7
Let n be 8/2*(-9)/(-6). Suppose 2*k - 2 - n = 0. Suppose 0*x - k*x = -20. What is the units digit of x?
5
Let v be (3 + -3)/(1 - 0). Suppose v*i - 6*i = 0. Suppose i = j - 37 - 9. What is the units digit of j?
6
What is the tens digit of 3/(-1) + 1*2478*1?
7
Let s(v) = 530*v - 212. What is the tens digit of s(10)?
8
Let o(j) = 2*j + 23. Let p be 0*((-8)/(-6) - 1). What is the tens digit of o(p)?
2
Suppose -8*o + 4*f = -5*o - 241, -3*o + 217 = 2*f. What is the units digit of o?
5
Let x = 40 - 14. Suppose -x = -w + 16. What is the units digit of w?
2
Suppose 5*v = -4*d - 0*d + 46, 4*d = 4*v - 44. Suppose -11 = -3*q + v. Let m(t) = t**3 - 6*t**2 + t + 9. What is the tens digit of m(q)?
6
Let o be (10/3)/(2/3). Suppose r - 3*r - 284 = -5*v, o*v - 4*r = 288. What is the tens digit of v?
5
Let m(d) = -22*d**3 - 23*d**2 - 2*d - 3. What is the thousands digit of m(-4)?
1
Let m = -65 + 41. Let q be m/(-20)*5/2. What is the units digit of (q + (-24)/9)*78?
6
Suppose -27 = n + 9. Let f = n + 24. What is the units digit of ((-8)/f)/((-1)/(-30))?
0
Let t = 1519 - 1292. What is the tens digit of t?
2
Let x = -1 - 17. Let f = 44 + x. Suppose 3*s - 12 = 0, v - 4*s = -8*s + f. What is the units digit of v?
0
Suppose -3*v - 4*h = 0, 4*v + 6*h - 10 = 4*h. What is the units digit of ((-8)/12)/(v/(-360))?
0
Let a = 630 - -1612. What is the hundreds digit of a?
2
Suppose 0*z - 144 = -4*z. Let i = -28 + z. Suppose -5*f + 73 - i = 0. What is the tens digit of f?
1
What is the units digit of -3 - (-919)/3*(-6)/(-2)?
6
Suppose -5*c - 3*i = -45, 0 = -4*c - 4*i + 5 + 23. What is the tens digi